{"id":155692,"date":"2024-07-24T12:32:19","date_gmt":"2024-07-24T10:32:19","guid":{"rendered":"https:\/\/fitshaker-eshop-prod.goodrequest.dev\/eshop\/?post_type=product&#038;p=155692"},"modified":"2026-04-09T07:38:43","modified_gmt":"2026-04-09T05:38:43","slug":"expandery-na-spodnu-cast-tela-2","status":"publish","type":"product","link":"https:\/\/fitshaker.cz\/eshop\/produkt\/expandery-na-spodnu-cast-tela-2","title":{"rendered":"Expandery na spodn\u00ed \u010d\u00e1st t\u011bla"},"content":{"rendered":"<p>Set vesel\u00fdch expander\u016f ur\u010den\u00fdch na spodn\u00ed \u010d\u00e1st t\u011bla :).<\/p>\n<p>Cht\u011bla bys posunout sv\u016fj tr\u00e9nink na jinou \u00farove\u0148? \u017de ano? Tak pr\u00e1v\u011b k tomu je stvo\u0159en\u00fd n\u00e1\u0161 set posilovac\u00edch gum.\u00a0<strong>Expandery maj\u00ed\u00a0d\u00e9lku 38 cm, \u0161\u00ed\u0159ku 8 cm\u00a0a\u00a03 \u00farovn\u011b odporu:<\/strong><\/p>\n<p><strong>\u2022 fialov\u00fd \u2013 lehk\u00fd (max. odpor 27 kg)<\/strong><\/p>\n<p><strong>\u2022 bled\u011b oran\u017eov\u00fd \u2013 st\u0159edn\u00ed (max. odpor 40 kg)<\/strong><\/p>\n<p><strong>\u2022 tmav\u011b oran\u017eov\u00fd \u2013 t\u011b\u017ek\u00fd (max. odpor 54 kg)<\/strong><\/p>\n<p>Tak\u017ee je jen na tob\u011b, jak moc si chce\u0161 zamakat. Z\u00e1t\u011b\u017e si jednodu\u0161e p\u0159izp\u016fsob\u00ed\u0161 podle toho, na jak\u00fd tr\u00e9nink se c\u00edt\u00ed\u0161. Odporov\u00e9 gumy jsou\u00a0<strong>ur\u010den\u00e9 hlavn\u011b na spodn\u00ed \u010d\u00e1st t\u011bla<\/strong>, ale snadno s nimi procvi\u010d\u00ed\u0161 i horn\u00ed \u010d\u00e1st. Expandery obsahuj\u00ed\u00a0<strong>speci\u00e1ln\u00ed gumov\u00e9 pod\u0161it\u00ed proti klouz\u00e1n\u00ed<\/strong>\u00a0a d\u016fraz na\u00a0<strong>kvalitu pou\u017eit\u00fdch materi\u00e1l\u016f<\/strong>\u00a0zaji\u0161\u0165uje jejich dlouhodobou \u017eivotnost. \u00a0Set obsahuje s\u00e1\u010dek na pohodln\u00e9 skladov\u00e1n\u00ed a p\u0159enos, tak\u017ee s\u00a0na\u0161imi gumami m\u016f\u017ee\u0161\u00a0cvi\u010dit kdekoliv.<\/p>\n<p>Mezi na\u0161imi tr\u00e9ninky najde\u0161 i inspiraci\u00a0<a href=\"https:\/\/fitshaker.cz\/cviceni?accessories=4\">jak s expand\u00e9ry cvi\u010dit.<\/a><\/p>\n","protected":false},"excerpt":{"rendered":"<p>Vesel\u00fd set 3 expander\u016f na spodn\u00ed \u010d\u00e1st t\u011bla s r\u016fznou z\u00e1t\u011b\u017e\u00ed (27\u201354 kg), protiskluzovou \u00fapravou a praktick\u00fdm s\u00e1\u010dkem. Cvi\u010d kdekoli a posu\u0148 tr\u00e9nink na vy\u0161\u0161\u00ed level!<\/p>\n","protected":false},"featured_media":162580,"comment_status":"open","ping_status":"closed","template":"","meta":{"_acf_changed":false},"product_cat":[215],"product_tag":[],"bundle_layout":"","bundled_by":[],"bundled_items":[],"acf":[],"_links":{"self":[{"href":"https:\/\/fitshaker.cz\/eshop\/wp-json\/wp\/v2\/product\/155692"}],"collection":[{"href":"https:\/\/fitshaker.cz\/eshop\/wp-json\/wp\/v2\/product"}],"about":[{"href":"https:\/\/fitshaker.cz\/eshop\/wp-json\/wp\/v2\/types\/product"}],"replies":[{"embeddable":true,"href":"https:\/\/fitshaker.cz\/eshop\/wp-json\/wp\/v2\/comments?post=155692"}],"wp:featuredmedia":[{"embeddable":true,"href":"https:\/\/fitshaker.cz\/eshop\/wp-json\/wp\/v2\/media\/162580"}],"wp:attachment":[{"href":"https:\/\/fitshaker.cz\/eshop\/wp-json\/wp\/v2\/media?parent=155692"}],"wp:term":[{"taxonomy":"product_cat","embeddable":true,"href":"https:\/\/fitshaker.cz\/eshop\/wp-json\/wp\/v2\/product_cat?post=155692"},{"taxonomy":"product_tag","embeddable":true,"href":"https:\/\/fitshaker.cz\/eshop\/wp-json\/wp\/v2\/product_tag?post=155692"}],"curies":[{"name":"wp","href":"https:\/\/api.w.org\/{rel}","templated":true}]}}