{"id":155807,"date":"2024-07-24T12:32:48","date_gmt":"2024-07-24T10:32:48","guid":{"rendered":"https:\/\/fitshaker-eshop-prod.goodrequest.dev\/eshop\/?post_type=product&#038;p=155807"},"modified":"2026-04-08T12:13:17","modified_gmt":"2026-04-08T10:13:17","slug":"lyofilizovane-cernice-v-mliecnej-cokolade-so-skoricou-50-g","status":"publish","type":"product","link":"https:\/\/fitshaker.cz\/eshop\/produkt\/lyofilizovane-cernice-v-mliecnej-cokolade-so-skoricou-50-g","title":{"rendered":"Lyofilizovan\u00e9 ostru\u017einy v ml\u00e9\u010dn\u00e9 \u010dokol\u00e1d\u011b se sko\u0159ic\u00ed 50 g"},"content":{"rendered":"<p>Toto je d\u016fkaz, \u017ee sladkosti se daj\u00ed d\u011blat i <strong>zdrav\u011b a kvalitn\u011b!<\/strong><strong><img loading=\"lazy\" decoding=\"async\" class=\"alignright wp-image-146483\" src=\"https:\/\/fitshaker.sk\/eshop\/wp-content\/uploads\/2024\/04\/cernice-v-cokolade-so-skoricou-e1739549584886.jpg\" alt=\"ovocie v cokolade\" width=\"554\" height=\"450\" srcset=\"https:\/\/fitshaker.cz\/eshop\/wp-content\/uploads\/2024\/04\/cernice-v-cokolade-so-skoricou-e1739549584886.jpg 1340w, https:\/\/fitshaker.cz\/eshop\/wp-content\/uploads\/2024\/04\/cernice-v-cokolade-so-skoricou-e1739549584886-350x284.jpg 350w, https:\/\/fitshaker.cz\/eshop\/wp-content\/uploads\/2024\/04\/cernice-v-cokolade-so-skoricou-e1739549584886-595x483.jpg 595w, https:\/\/fitshaker.cz\/eshop\/wp-content\/uploads\/2024\/04\/cernice-v-cokolade-so-skoricou-e1739549584886-385x313.jpg 385w, https:\/\/fitshaker.cz\/eshop\/wp-content\/uploads\/2024\/04\/cernice-v-cokolade-so-skoricou-e1739549584886-768x624.jpg 768w, https:\/\/fitshaker.cz\/eshop\/wp-content\/uploads\/2024\/04\/cernice-v-cokolade-so-skoricou-e1739549584886-450x365.jpg 450w\" sizes=\"(max-width: 554px) 100vw, 554px\" \/><\/strong><\/p>\n<p><strong>Na\u0161e lyofilizovan\u00e9 ovoce se sb\u00edr\u00e1 v dob\u011b ide\u00e1ln\u00ed zralosti. N\u00e1sledn\u011b se \u0161etrn\u011b su\u0161\u00ed mrazem, aby bylo kr\u00e1sn\u011b k\u0159upav\u00e9, zachovalo si chu\u0165 a barvu a a\u017e 98 % sv\u00fdch v\u00fd\u017eivov\u00fdch hodnot. Je t\u00e9m\u011b\u0159 identick\u00e9 s\u00a0p\u016fvodn\u00edm ovocem. Je bez konzervant\u016f. <\/strong><\/p>\n<p>Ka\u017ed\u00fdch 100 g mrazem su\u0161en\u00e9ho ovoce je vyrobeno z 800 g a\u017e 1 kg \u010derstv\u00e9ho ovoce.<\/p>\n<p>Ostru\u017einy jsou jednotliv\u011b t\u0159\u00edd\u011bny a dra\u017eov\u00e1ny do ml\u00e9\u010dn\u00e9 \u010dokol\u00e1dy. Ostru\u017einy neobsahuj\u00ed \u017e\u00e1dn\u00e9 chemik\u00e1lie ani p\u0159idan\u00e9 cukry. \u010cokol\u00e1da je bez um\u011bl\u00fdch le\u0161tic\u00edch l\u00e1tek.<\/p>\n<p>&nbsp;<\/p>\n<h3>Slo\u017een\u00ed:<\/h3>\n<p><strong>ml\u00e9\u010dn\u00e1<\/strong> \u010dokol\u00e1da 75,7 % (cukr, su\u0161en\u00e9 plnotu\u010dn\u00e9 <strong>ml\u00e9ko<\/strong>, kakaov\u00e1 hmota, kakaov\u00e9 m\u00e1slo, su\u0161en\u00e1 <strong>syrov\u00e1tka<\/strong>, emulg\u00e1tory: <strong>\u0159epkov\u00fd<\/strong> lecitin, vanilka), lyofilizovan\u00e9 ostru\u017einy 21,6 %, \u0161ko\u0159ice mlet\u00e1 2,7 %.<\/p>\n<p><strong>M\u016f\u017ee obsahovat ara\u0161\u00eddy, s\u00f3ju a o\u0159echy.<\/strong><\/p>\n<p>&nbsp;<\/p>\n<h3>V\u00fd\u017eivov\u00e9 \u00fadaje na 100 g:<\/h3>\n<p>energie 2116 kJ\/507,39 kcal; tuky 25,18 g, z toho nasycen\u00e9 mastn\u00e9 kyseliny 14,50 g; sacharidy 62,83 g, z toho cukry 51,26 g; b\u00edlkoviny 5,6 g; s\u016fl 0,2 g.<\/p>\n<p>&nbsp;<\/p>\n<p><strong>Skladov\u00e1n\u00ed: <\/strong>Skladujte v\u00a0suchu, p\u0159i teplot\u011b od +18 \u02daC do +23\u00a0\u02daC a\u00a0chra\u0148te p\u0159ed p\u0159\u00edm\u00fdm slune\u010dn\u00edm z\u00e1\u0159en\u00edm. Spot\u0159ebujte do 1\u00a0m\u011bs\u00edce od otev\u0159en\u00ed.\u00a0Obal v\u017edy dob\u0159e uzav\u0159ete.<\/p>\n<p><strong>Vyrobeno na Slovensku.<\/strong><\/p>\n<p><strong>Zem\u011b p\u016fvodu ovoce: Srbsko.<\/strong><\/p>\n<p><strong>50 g<\/strong><\/p>\n<p>&nbsp;<\/p>\n","protected":false},"excerpt":{"rendered":"<p>Tak toto je sladk\u00e1, zdrav\u00e1 BOMBA! <strong>Lyofilizovan\u00e9 ovoce pr\u00e9miov\u00e9 kvality m\u00e1\u010den\u00e9 v \u010dokol\u00e1d\u011b vyroben\u00e9 na Slovensku. <\/strong><\/p>\n<p><strong>Bez zbyte\u010dn\u00fdch le\u0161tic\u00edch l\u00e1tek! <\/strong>P\u0159in\u00e1\u0161\u00edme ti pr\u00e9miovou kvalitu, kterou hled\u00e1me i sami pro sebe.<strong> Bez kompromis\u016f<\/strong><strong>.<\/strong><\/p>\n<p>&nbsp;<\/p>\n<p><img loading=\"lazy\" decoding=\"async\" class=\"alignnone wp-image-171125\" src=\"https:\/\/fitshaker.sk\/eshop\/wp-content\/uploads\/2024\/12\/CZ-Lyo-ovocie-v-mliecnej-cokolade.png\" alt=\"lyo ovocie v mlicnej cokolade\" width=\"442\" height=\"100\" srcset=\"https:\/\/fitshaker.cz\/eshop\/wp-content\/uploads\/2024\/12\/CZ-Lyo-ovocie-v-mliecnej-cokolade.png 3907w, https:\/\/fitshaker.cz\/eshop\/wp-content\/uploads\/2024\/12\/CZ-Lyo-ovocie-v-mliecnej-cokolade-350x79.png 350w, https:\/\/fitshaker.cz\/eshop\/wp-content\/uploads\/2024\/12\/CZ-Lyo-ovocie-v-mliecnej-cokolade-595x134.png 595w, https:\/\/fitshaker.cz\/eshop\/wp-content\/uploads\/2024\/12\/CZ-Lyo-ovocie-v-mliecnej-cokolade-385x87.png 385w, https:\/\/fitshaker.cz\/eshop\/wp-content\/uploads\/2024\/12\/CZ-Lyo-ovocie-v-mliecnej-cokolade-768x174.png 768w, https:\/\/fitshaker.cz\/eshop\/wp-content\/uploads\/2024\/12\/CZ-Lyo-ovocie-v-mliecnej-cokolade-1536x347.png 1536w, https:\/\/fitshaker.cz\/eshop\/wp-content\/uploads\/2024\/12\/CZ-Lyo-ovocie-v-mliecnej-cokolade-2048x463.png 2048w, https:\/\/fitshaker.cz\/eshop\/wp-content\/uploads\/2024\/12\/CZ-Lyo-ovocie-v-mliecnej-cokolade-450x102.png 450w\" sizes=\"(max-width: 442px) 100vw, 442px\" \/><\/p>\n","protected":false},"featured_media":162554,"comment_status":"open","ping_status":"closed","template":"","meta":{"_acf_changed":false},"product_cat":[213],"product_tag":[],"bundle_layout":"","bundled_by":[],"bundled_items":[],"acf":[],"_links":{"self":[{"href":"https:\/\/fitshaker.cz\/eshop\/wp-json\/wp\/v2\/product\/155807"}],"collection":[{"href":"https:\/\/fitshaker.cz\/eshop\/wp-json\/wp\/v2\/product"}],"about":[{"href":"https:\/\/fitshaker.cz\/eshop\/wp-json\/wp\/v2\/types\/product"}],"replies":[{"embeddable":true,"href":"https:\/\/fitshaker.cz\/eshop\/wp-json\/wp\/v2\/comments?post=155807"}],"wp:featuredmedia":[{"embeddable":true,"href":"https:\/\/fitshaker.cz\/eshop\/wp-json\/wp\/v2\/media\/162554"}],"wp:attachment":[{"href":"https:\/\/fitshaker.cz\/eshop\/wp-json\/wp\/v2\/media?parent=155807"}],"wp:term":[{"taxonomy":"product_cat","embeddable":true,"href":"https:\/\/fitshaker.cz\/eshop\/wp-json\/wp\/v2\/product_cat?post=155807"},{"taxonomy":"product_tag","embeddable":true,"href":"https:\/\/fitshaker.cz\/eshop\/wp-json\/wp\/v2\/product_tag?post=155807"}],"curies":[{"name":"wp","href":"https:\/\/api.w.org\/{rel}","templated":true}]}}