{"id":155817,"date":"2024-07-24T12:32:48","date_gmt":"2024-07-24T10:32:48","guid":{"rendered":"https:\/\/fitshaker-eshop-prod.goodrequest.dev\/eshop\/?post_type=product&#038;p=155817"},"modified":"2026-04-02T16:29:26","modified_gmt":"2026-04-02T14:29:26","slug":"lyofilizovane-ovocie-cucoriedka-visna-50-g","status":"publish","type":"product","link":"https:\/\/fitshaker.cz\/eshop\/produkt\/lyofilizovane-ovocie-cucoriedka-visna-50-g","title":{"rendered":"Lyofilizovan\u00e9 ovoce \u2013 bor\u016fvka, vi\u0161e\u0148 50 g"},"content":{"rendered":"<p><strong><img loading=\"lazy\" decoding=\"async\" class=\"alignright wp-image-146478\" src=\"https:\/\/fitshaker.sk\/eshop\/wp-content\/uploads\/2024\/04\/lyo-ovocie-cucoriedky-visne-e1739449369466.jpg\" alt=\"lyo-bobule\" width=\"689\" height=\"450\" srcset=\"https:\/\/fitshaker.cz\/eshop\/wp-content\/uploads\/2024\/04\/lyo-ovocie-cucoriedky-visne-e1739449369466.jpg 1224w, https:\/\/fitshaker.cz\/eshop\/wp-content\/uploads\/2024\/04\/lyo-ovocie-cucoriedky-visne-e1739449369466-350x229.jpg 350w, https:\/\/fitshaker.cz\/eshop\/wp-content\/uploads\/2024\/04\/lyo-ovocie-cucoriedky-visne-e1739449369466-595x389.jpg 595w, https:\/\/fitshaker.cz\/eshop\/wp-content\/uploads\/2024\/04\/lyo-ovocie-cucoriedky-visne-e1739449369466-385x252.jpg 385w, https:\/\/fitshaker.cz\/eshop\/wp-content\/uploads\/2024\/04\/lyo-ovocie-cucoriedky-visne-e1739449369466-768x502.jpg 768w, https:\/\/fitshaker.cz\/eshop\/wp-content\/uploads\/2024\/04\/lyo-ovocie-cucoriedky-visne-e1739449369466-450x294.jpg 450w\" sizes=\"(max-width: 689px) 100vw, 689px\" \/>Na\u0161e lyofilizovan\u00e9 ovoce se sb\u00edr\u00e1 v dob\u011b ide\u00e1ln\u00ed zralosti. N\u00e1sledn\u011b se \u0161etrn\u011b su\u0161\u00ed mrazem, aby bylo:<\/strong><\/p>\n<ul>\n<li><strong>kr\u00e1sn\u011b k\u0159upav\u00e9, <\/strong><\/li>\n<li><strong>zachovalo si chu\u0165 a barvu <\/strong><\/li>\n<li><strong>a a\u017e 98 % sv\u00fdch v\u00fd\u017eivov\u00fdch hodnot. <\/strong><\/li>\n<li><strong>Je t\u00e9m\u011b\u0159 identick\u00e9 s\u00a0p\u016fvodn\u00edm ovocem. <\/strong><\/li>\n<li><strong>Je bez konzervant\u016f.<\/strong><\/li>\n<\/ul>\n<p>Ovoce, kter\u00e9 je mo\u017en\u00e9 p\u011bstovat v Evrop\u011b, dov\u00e1\u017e\u00edme ze Srbska. P\u011bstuje se na mimo\u0159\u00e1dn\u011b \u00farodn\u00e9 p\u016fd\u011b. Chu\u0165 i v\u016fni ovoce umoc\u0148uje velk\u00fd po\u010det slune\u010dn\u00edch dn\u016f b\u011bhem obdob\u00ed dozr\u00e1v\u00e1n\u00ed. Tyto p\u0159\u00edzniv\u00e9 p\u0159\u00edrodn\u00ed podm\u00ednky zaru\u010duj\u00ed dokonalou chu\u0165ovou harmonii ovoce. Nen\u00ed divu, \u017ee kvalita srbsk\u00e9ho ovoce dosahuje p\u0159edn\u00edho m\u00edsta v r\u00e1mci Evropy \ud83d\ude42.<\/p>\n<p><strong>Jak prob\u00edh\u00e1 v\u00fdroba tak kvalitn\u00edho ovoce?<\/strong> Ovoce se dov\u00e1\u017e\u00ed na m\u00edsto zpracov\u00e1n\u00ed v den sb\u011bru z okruhu do 50 km. Tak\u017ee se ovoce opravdu mraz\u00ed v nejvy\u0161\u0161\u00ed mo\u017en\u00e9 kvalit\u011b a v dob\u011b svoj\u00ed ide\u00e1ln\u00ed zralosti, kdy\u017e obsahuje nejv\u00edce vitam\u00edn\u016f.<\/p>\n<p><strong>P\u0159in\u00e1\u0161\u00edme ti pr\u00e9miovou kvalitu, kterou hled\u00e1me i sami pro sebe. Bez kompromis\u016f<\/strong><strong>\ud83d\ude09<\/strong><strong>.<\/strong><\/p>\n<p>&nbsp;<\/p>\n<p><strong>Slo\u017een\u00ed:<\/strong> lyofilizovan\u00e9 bor\u016fvky 50 %, lyofilizovan\u00e9 vi\u0161n\u011b 50 %.*<\/p>\n<p><strong>*Ovoce su\u0161en\u00e9 mrazem je 100% \u010dist\u00e9 ovoce, ze\u00a0kter\u00e9ho je odstran\u011bn\u00e1 voda. <\/strong><br \/>\n<strong>50 g lyofilizovan\u00e9ho ovoce je vyrobeno ze 400 a\u017e 500 g \u010derstv\u00e9ho ovoce.<\/strong><\/p>\n<p>&nbsp;<\/p>\n<p><strong>V\u00fd\u017eivov\u00e9 \u00fadaje na 100 g:<\/strong><\/p>\n<p>energie 1 650 kJ\/395 kcal; tuky 0,45 g, z toho nasycen\u00e9 mastn\u00e9 kyseliny 0,04 g; sacharidy 86,7 g, z toho cukry 48,4 g; vl\u00e1knina 4,6 g; b\u00edlkoviny 5,96 g; s\u016fl 0,01 g.<\/p>\n<p>&nbsp;<\/p>\n<p><strong>P\u0159\u00edprava:<\/strong> Lyofilizovan\u00e9 ovoce je ide\u00e1ln\u00ed ke konzumaci p\u0159\u00edmo, k pe\u010den\u00ed, do jogurt\u016f, sorbet\u016f nebo smoothies.<\/p>\n<p><strong>Skladov\u00e1n\u00ed: <\/strong>Skladujte v\u00a0suchu, p\u0159i teplot\u011b do +25\u00a0\u02daC a\u00a0chra\u0148te p\u0159ed p\u0159\u00edm\u00fdm slune\u010dn\u00edm z\u00e1\u0159en\u00edm. Spot\u0159ebujte do 1\u00a0m\u011bs\u00edce od otev\u0159en\u00ed.\u00a0Obal v\u017edy dob\u0159e uzav\u0159ete.<\/p>\n<p>&nbsp;<\/p>\n<p><strong>Vyrobeno na Slovensku.<\/strong><\/p>\n<p><strong>Zem\u011b p\u016fvodu ovoce: Srbsko.<\/strong><\/p>\n<p><strong>50 g<\/strong><br \/>\n&nbsp;<\/p>\n","protected":false},"excerpt":{"rendered":"<p>Mrazem su\u0161en\u00e9 ovoce (100 %).<br \/>\n&nbsp;<\/p>\n<p><img loading=\"lazy\" decoding=\"async\" class=\"alignnone wp-image-171123\" src=\"https:\/\/fitshaker.sk\/eshop\/wp-content\/uploads\/2024\/12\/CZ-Lyo-ovocie.png\" alt=\"lyo ovoce\" width=\"670\" height=\"100\" srcset=\"https:\/\/fitshaker.cz\/eshop\/wp-content\/uploads\/2024\/12\/CZ-Lyo-ovocie.png 5920w, https:\/\/fitshaker.cz\/eshop\/wp-content\/uploads\/2024\/12\/CZ-Lyo-ovocie-350x52.png 350w, https:\/\/fitshaker.cz\/eshop\/wp-content\/uploads\/2024\/12\/CZ-Lyo-ovocie-595x89.png 595w, https:\/\/fitshaker.cz\/eshop\/wp-content\/uploads\/2024\/12\/CZ-Lyo-ovocie-385x57.png 385w, https:\/\/fitshaker.cz\/eshop\/wp-content\/uploads\/2024\/12\/CZ-Lyo-ovocie-768x115.png 768w, https:\/\/fitshaker.cz\/eshop\/wp-content\/uploads\/2024\/12\/CZ-Lyo-ovocie-1536x229.png 1536w, https:\/\/fitshaker.cz\/eshop\/wp-content\/uploads\/2024\/12\/CZ-Lyo-ovocie-2048x305.png 2048w, https:\/\/fitshaker.cz\/eshop\/wp-content\/uploads\/2024\/12\/CZ-Lyo-ovocie-450x67.png 450w\" sizes=\"(max-width: 670px) 100vw, 670px\" \/><\/p>\n","protected":false},"featured_media":162545,"comment_status":"open","ping_status":"closed","template":"","meta":{"_acf_changed":false},"product_cat":[213],"product_tag":[],"bundle_layout":"","bundled_by":[],"bundled_items":[],"acf":[],"_links":{"self":[{"href":"https:\/\/fitshaker.cz\/eshop\/wp-json\/wp\/v2\/product\/155817"}],"collection":[{"href":"https:\/\/fitshaker.cz\/eshop\/wp-json\/wp\/v2\/product"}],"about":[{"href":"https:\/\/fitshaker.cz\/eshop\/wp-json\/wp\/v2\/types\/product"}],"replies":[{"embeddable":true,"href":"https:\/\/fitshaker.cz\/eshop\/wp-json\/wp\/v2\/comments?post=155817"}],"wp:featuredmedia":[{"embeddable":true,"href":"https:\/\/fitshaker.cz\/eshop\/wp-json\/wp\/v2\/media\/162545"}],"wp:attachment":[{"href":"https:\/\/fitshaker.cz\/eshop\/wp-json\/wp\/v2\/media?parent=155817"}],"wp:term":[{"taxonomy":"product_cat","embeddable":true,"href":"https:\/\/fitshaker.cz\/eshop\/wp-json\/wp\/v2\/product_cat?post=155817"},{"taxonomy":"product_tag","embeddable":true,"href":"https:\/\/fitshaker.cz\/eshop\/wp-json\/wp\/v2\/product_tag?post=155817"}],"curies":[{"name":"wp","href":"https:\/\/api.w.org\/{rel}","templated":true}]}}