{"id":159138,"date":"2024-09-02T16:14:55","date_gmt":"2024-09-02T14:14:55","guid":{"rendered":"https:\/\/fitshaker.sk\/eshop\/?post_type=product&#038;p=159138"},"modified":"2026-04-08T21:42:36","modified_gmt":"2026-04-08T19:42:36","slug":"fitlopta","status":"publish","type":"product","link":"https:\/\/fitshaker.cz\/eshop\/produkt\/fitlopta","title":{"rendered":"Fitlopta 55\/65\/75 cm"},"content":{"rendered":"<p><strong>Protiskluzov\u00fd elastick\u00fd m\u00ed\u010d je vyroben\u00fd z m\u011bk\u010den\u00e9ho polyvinylchloridu. Je zabezpe\u010den\u00fd proti n\u00e1hl\u00e9mu prasknut\u00ed. Sou\u010d\u00e1st\u00ed balen\u00ed je i pumpa<\/strong> s v\u00edcero n\u00e1sadkami na nafukov\u00e1n\u00ed m\u00ed\u010d\u016f a jin\u00fdch nafukovac\u00edch pot\u0159eb.<\/p>\n<p><strong>Jak\u00e9 jsou v\u00fdhody gymnastick\u00e9ho m\u00ed\u010de?<\/strong><\/p>\n<p>\u2022 Je vhodn\u00fd pro lidi v ka\u017ed\u00e9m v\u011bku, proto\u017ee p\u0159ev\u00e1\u017en\u00e1 v\u011bt\u0161ina cvik\u016f nezat\u011b\u017euje nosn\u00e9 klouby.<br \/>\n\u2022 D\u00e1 se vyu\u017e\u00edt k rehabilitaci, stejn\u011b jako na kondi\u010dn\u00ed cvi\u010den\u00ed.<br \/>\n\u2022 Je to alternativa k statick\u00e9mu sezen\u00ed na kancel\u00e1\u0159sk\u00fdch \u017eidl\u00edch. Dynamick\u00fdm sedem se posiluj\u00ed b\u0159i\u0161n\u00ed svaly, z\u00e1dov\u00e9 svaly, odleh\u010duj\u00ed se plot\u00fdnky a obratle, zlep\u0161uje se postoj t\u011bla a je vhodnou prevenc\u00ed po\u0161kozen\u00ed p\u00e1te\u0159e.<\/p>\n<p><strong>K dispozici jsou 3 velikosti gymnastick\u00e9ho m\u00ed\u010de podle v\u00fd\u0161ky osob.<\/strong><\/p>\n<p><strong>Pr\u016fm\u011br gymnastick\u00e9ho m\u00ed\u010de\/v\u00fd\u0161ka osoby\/barva gymnastick\u00e9ho m\u00ed\u010de<\/strong><br \/>\n\u2022 55 cm\/150 cm \u2013 165 cm\/fialov\u00e1<br \/>\n\u2022 65 cm\/165 cm \u2013 170 cm\/sv\u011btleoran\u017eov\u00e1<br \/>\n\u2022 75 cm\/171 cm \u2013 175 cm\/tmav\u011boran\u017eov\u00e1<\/p>\n<p><strong>Nosnost: do 150 kg<\/strong><\/p>\n<p><strong>Instrukce k nafouknut\u00ed gymnastick\u00e9ho m\u00ed\u010de:<\/strong><br \/>\n1. K nafouknut\u00ed pou\u017eijte pumpu p\u0159ilo\u017eenou v krabici.<br \/>\n2. M\u00ed\u010d p\u0159\u00edli\u0161 nenafukujte, aby nedo\u0161lo k jeho po\u0161kozen\u00ed. Nafoukn\u011bte jej do jeho maxim\u00e1ln\u00edho pr\u016fm\u011bru.<br \/>\n3. P\u0159ed nafouknut\u00edm m\u00ed\u010de se ujist\u011bte, \u017ee v otvoru nen\u00ed uz\u00e1v\u011br. Pokud tam uz\u00e1v\u011br je, opatrn\u011b ho vyt\u00e1hn\u011bte.<br \/>\n4. Kdy\u017e m\u00ed\u010d dos\u00e1hne sv\u00e9 optim\u00e1ln\u00ed velikosti, vyt\u00e1hn\u011bte \u0161pi\u010dku pumpy z otvoru a okam\u017eit\u011b k n\u011bmu p\u0159ilo\u017ete prst, abyste zabr\u00e1nili \u00faniku<strong> vzduchu z m\u00ed\u010de.<br \/>\n<\/strong>5. Nakonec do otvoru vlo\u017ete uz\u00e1v\u011br.<strong><br \/>\n<\/strong><\/p>\n<style>.embed-container { position: relative; padding-bottom: 56.25%; height: 0; overflow: hidden; max-width: 100%; } .embed-container iframe, .embed-container object, .embed-container embed { position: absolute; top: 0; left: 0; width: 100%; height: 100%; }<\/style>\n<div class=\"embed-container\"><iframe src=\"https:\/\/youtube.be\/embed\/AhkGd6m7TF8\" frameborder=\"0\" allowfullscreen=\"allowfullscreen\"><span data-mce-type=\"bookmark\" style=\"display: inline-block; width: 0px; overflow: hidden; line-height: 0;\" class=\"mce_SELRES_start\">\ufeff<\/span><\/iframe><\/div>\n","protected":false},"excerpt":{"rendered":"<p>Gymnastick\u00fd m\u00ed\u010d je v\u00fdbornou pom\u016fckou pro <strong>dom\u00e1c\u00ed cvi\u010den\u00ed, rehabilitace \u010di fyzioterapii<\/strong> v dom\u00e1c\u00edm prost\u0159ed\u00ed nebo <strong>alternativou p\u0159i sedav\u00e9 pr\u00e1ci za po\u010d\u00edta\u010dem. <\/strong>K dispozici je <strong>ve 3 r\u016fzn\u00fdch velikostech pro r\u016fzn\u00e9 v\u00fd\u0161ky postavy.<\/strong><\/p>\n","protected":false},"featured_media":162581,"comment_status":"open","ping_status":"closed","template":"","meta":{"_acf_changed":false},"product_cat":[215],"product_tag":[],"bundle_layout":"","bundled_by":[],"bundled_items":[],"acf":[],"_links":{"self":[{"href":"https:\/\/fitshaker.cz\/eshop\/wp-json\/wp\/v2\/product\/159138"}],"collection":[{"href":"https:\/\/fitshaker.cz\/eshop\/wp-json\/wp\/v2\/product"}],"about":[{"href":"https:\/\/fitshaker.cz\/eshop\/wp-json\/wp\/v2\/types\/product"}],"replies":[{"embeddable":true,"href":"https:\/\/fitshaker.cz\/eshop\/wp-json\/wp\/v2\/comments?post=159138"}],"wp:featuredmedia":[{"embeddable":true,"href":"https:\/\/fitshaker.cz\/eshop\/wp-json\/wp\/v2\/media\/162581"}],"wp:attachment":[{"href":"https:\/\/fitshaker.cz\/eshop\/wp-json\/wp\/v2\/media?parent=159138"}],"wp:term":[{"taxonomy":"product_cat","embeddable":true,"href":"https:\/\/fitshaker.cz\/eshop\/wp-json\/wp\/v2\/product_cat?post=159138"},{"taxonomy":"product_tag","embeddable":true,"href":"https:\/\/fitshaker.cz\/eshop\/wp-json\/wp\/v2\/product_tag?post=159138"}],"curies":[{"name":"wp","href":"https:\/\/api.w.org\/{rel}","templated":true}]}}