{"id":167068,"date":"2024-12-13T15:53:08","date_gmt":"2024-12-13T14:53:08","guid":{"rendered":"https:\/\/fitshaker.sk\/eshop\/?post_type=product&#038;p=167068"},"modified":"2026-04-01T16:06:02","modified_gmt":"2026-04-01T14:06:02","slug":"vitamin-c","status":"publish","type":"product","link":"https:\/\/fitshaker.cz\/eshop\/produkt\/vitamin-c","title":{"rendered":"FITSHAKER VITAMIN C"},"content":{"rendered":"<p><strong>Vitam\u00edn C ve form\u011b askorb\u00e1tu v\u00e1penat\u00e9ho \u2013 nezp\u016fsobuje p\u0159ekyselen\u00ed \u017ealudku, a je proto \u0161etrn\u011bj\u0161\u00ed pro tr\u00e1ven\u00ed ne\u017e b\u011b\u017en\u00e1 kyselina askorbov\u00e1 a v\u00e1pn\u00edk, nav\u00edc podporuje absorpci vitam\u00ednu C.<\/strong><\/p>\n<p>&nbsp;<\/p>\n<h3>Jak\u00e9 m\u00e1 v\u00fdhody FITSHAKER VITAMIN C? S \u010d\u00edm ti m\u016f\u017ee pomoci?<\/h3>\n<ul>\n<li>pos\u00edlen\u00ed imunity<\/li>\n<li>pom\u00e1h\u00e1 p\u0159i l\u00e9\u010db\u011b nachlazen\u00ed a ch\u0159ipky<\/li>\n<li>p\u0159isp\u00edv\u00e1 ke sn\u00ed\u017een\u00ed m\u00edry \u00fanavy a vy\u010derp\u00e1n\u00ed<\/li>\n<li>podporuje tvorbu kolagenu<\/li>\n<li>posiluje k\u016f\u017ei, vaziva i krevn\u00ed c\u00e9vy<\/li>\n<li>podporuje hojen\u00ed ran<\/li>\n<li>zlep\u0161uje produkci inzulinu<\/li>\n<li>stimuluje \u010dinnost \u0161t\u00edtn\u00e9 \u017el\u00e1zy<\/li>\n<\/ul>\n<p>&nbsp;<\/p>\n<h3>K \u010demu vede nedostatek vitam\u00ednu C?<\/h3>\n<ul>\n<li>an\u00e9mie (chudokrevnost)<\/li>\n<li>krv\u00e1cen\u00ed z nosu<\/li>\n<li>hormon\u00e1ln\u00ed nerovnov\u00e1ha<\/li>\n<li>tr\u00e1vic\u00ed pot\u00ed\u017ee<\/li>\n<li>tvorba \u017elu\u010dov\u00fdch kamen\u016f<\/li>\n<li>sn\u00ed\u017een\u00e1 tvorba kolagenu<\/li>\n<li>zhor\u0161en\u00ed imunity, zv\u00fd\u0161en\u00e1 nemocnost<\/li>\n<\/ul>\n<p>V\u00edce o d\u016fle\u017eitosti a vlivu vitam\u00ednu C na na\u0161e zdrav\u00ed se do\u010dte\u0161 na na\u0161em blogu.<\/p>\n<p>&nbsp;<\/p>\n<h3>Slo\u017een\u00ed:<\/h3>\n<p>akt\u00edvn\u00ed slo\u017eky: vitamin C (askorb\u00e1t v\u00e1penat\u00fd)<\/p>\n<p>plnidlo: kapsle (hydroxypropylmethylcelulosa) \u2013 rostlinn\u00e1 celulosa<\/p>\n<p>&nbsp;<\/p>\n<p><strong>Pou\u017e\u00edv\u00e1me kapsle z rostlinn\u00e9 celul\u00f3zy, do kter\u00fdch nejsou p\u0159id\u00e1ny \u017e\u00e1dn\u00e9 zbyte\u010dn\u00e9 pomocn\u00e9 l\u00e1tky a aditiva<\/strong> (nap\u0159\u00edklad r\u016fzn\u00e1 pojiva nebo protihrudkuj\u00edc\u00ed l\u00e1tky pot\u0159ebn\u00e9 u tablet).<br \/>\n<strong>Tobolky jsou vhodn\u00e9 pro vegetari\u00e1ny, vegany i celiatiky.<\/strong><\/p>\n<p><img loading=\"lazy\" decoding=\"async\" class=\"alignnone wp-image-166960 \" src=\"https:\/\/fitshaker.sk\/eshop\/wp-content\/uploads\/2024\/12\/VITAMIN-C-aktivne-zlozky-eshop.jpg\" alt=\"\" width=\"565\" height=\"210\" srcset=\"https:\/\/fitshaker.cz\/eshop\/wp-content\/uploads\/2024\/12\/VITAMIN-C-aktivne-zlozky-eshop.jpg 1654w, https:\/\/fitshaker.cz\/eshop\/wp-content\/uploads\/2024\/12\/VITAMIN-C-aktivne-zlozky-eshop-350x130.jpg 350w, https:\/\/fitshaker.cz\/eshop\/wp-content\/uploads\/2024\/12\/VITAMIN-C-aktivne-zlozky-eshop-595x221.jpg 595w, https:\/\/fitshaker.cz\/eshop\/wp-content\/uploads\/2024\/12\/VITAMIN-C-aktivne-zlozky-eshop-385x143.jpg 385w, https:\/\/fitshaker.cz\/eshop\/wp-content\/uploads\/2024\/12\/VITAMIN-C-aktivne-zlozky-eshop-768x285.jpg 768w, https:\/\/fitshaker.cz\/eshop\/wp-content\/uploads\/2024\/12\/VITAMIN-C-aktivne-zlozky-eshop-1536x570.jpg 1536w, https:\/\/fitshaker.cz\/eshop\/wp-content\/uploads\/2024\/12\/VITAMIN-C-aktivne-zlozky-eshop-450x167.jpg 450w\" sizes=\"(max-width: 565px) 100vw, 565px\" \/><\/p>\n<p><strong>Balen\u00ed: 90 kapsl\u00ed<\/strong><br \/>\n<strong>Hmotnost: 64,89 g<\/strong><\/p>\n<p>&nbsp;<\/p>\n<h3>Doporu\u010dn\u00e1 denn\u00ed d\u00e1vka:<\/h3>\n<ul>\n<li>1 kapsle denn\u011b, zapijte dostate\u010dn\u00fdm mno\u017estv\u00edm vody.<\/li>\n<li>1 balen\u00ed FITSHAKER VITAMIN C vydr\u017e\u00ed a\u017e 3 m\u011bs\u00edce.<\/li>\n<\/ul>\n<p>&nbsp;<\/p>\n<p><strong>Skladov\u00e1n\u00ed:<\/strong> Skladujte na such\u00e9m, tmav\u00e9m m\u00edst\u011b p\u0159i pokojov\u00e9 teplot\u011b.<br \/>\n<strong>Vyrobeno pro Fitshaker v \u010cesk\u00e9 republice.<\/strong><\/p>\n<p>&nbsp;<\/p>\n<p><strong>Upozorn\u011bn\u00ed:<\/strong> Nep\u0159ekra\u010dujte doporu\u010denou denn\u00ed d\u00e1vku! Dopln\u011bk stravy nenahrazuje pestrou a vyv\u00e1\u017eenou stravu a zdrav\u00fd \u017eivotn\u00ed styl! Uchov\u00e1vejte<br \/>\nmimo dosah d\u011bt\u00ed! Nen\u00ed vhodn\u00e9 pro d\u011bti. V p\u0159\u00edpad\u011b, \u017ee jste t\u011bhotn\u00e1, koj\u00edte, p\u0159ed u\u017e\u00edv\u00e1n\u00edm se pora\u010fte se sv\u00fdm l\u00e9ka\u0159em.<\/p>\n<p>&nbsp;<\/p>\n","protected":false},"excerpt":{"rendered":"<p><strong>IMMUNITY BOOST \u2013 90 kapsl\u00ed<\/strong><br \/>\n<strong>Dopln\u011bk stravy s vitaminem C ve form\u011b kapsl\u00ed.\u00a0<\/strong><br \/>\nVitamin C p\u0159isp\u00edv\u00e1 ke spr\u00e1vn\u00e9mu fungov\u00e1n\u00ed imunitn\u00edho a nervov\u00e9ho syst\u00e9mu a ke sn\u00ed\u017een\u00ed vy\u010derp\u00e1n\u00ed a \u00fanavy.<\/p>\n<p><strong>Datum minim\u00e1ln\u00ed trvanlivosti: 21.6.2026<\/strong><\/p>\n<p>&nbsp;<\/p>\n<p><img loading=\"lazy\" decoding=\"async\" class=\"alignnone wp-image-171118\" src=\"https:\/\/fitshaker.sk\/eshop\/wp-content\/uploads\/2024\/12\/CZ-vitaminy.png\" alt=\"kvalitne vitaminy a mineraly\" width=\"557\" height=\"100\" srcset=\"https:\/\/fitshaker.cz\/eshop\/wp-content\/uploads\/2024\/12\/CZ-vitaminy.png 4914w, https:\/\/fitshaker.cz\/eshop\/wp-content\/uploads\/2024\/12\/CZ-vitaminy-350x63.png 350w, https:\/\/fitshaker.cz\/eshop\/wp-content\/uploads\/2024\/12\/CZ-vitaminy-595x107.png 595w, https:\/\/fitshaker.cz\/eshop\/wp-content\/uploads\/2024\/12\/CZ-vitaminy-385x69.png 385w, https:\/\/fitshaker.cz\/eshop\/wp-content\/uploads\/2024\/12\/CZ-vitaminy-768x138.png 768w, https:\/\/fitshaker.cz\/eshop\/wp-content\/uploads\/2024\/12\/CZ-vitaminy-1536x276.png 1536w, https:\/\/fitshaker.cz\/eshop\/wp-content\/uploads\/2024\/12\/CZ-vitaminy-2048x368.png 2048w, https:\/\/fitshaker.cz\/eshop\/wp-content\/uploads\/2024\/12\/CZ-vitaminy-450x81.png 450w\" sizes=\"(max-width: 557px) 100vw, 557px\" \/><br \/>\n<strong><br \/>\n<\/strong><\/p>\n","protected":false},"featured_media":167049,"comment_status":"open","ping_status":"closed","template":"","meta":{"_acf_changed":false},"product_cat":[213,251],"product_tag":[],"bundle_layout":"","bundled_by":[],"bundled_items":[],"acf":[],"_links":{"self":[{"href":"https:\/\/fitshaker.cz\/eshop\/wp-json\/wp\/v2\/product\/167068"}],"collection":[{"href":"https:\/\/fitshaker.cz\/eshop\/wp-json\/wp\/v2\/product"}],"about":[{"href":"https:\/\/fitshaker.cz\/eshop\/wp-json\/wp\/v2\/types\/product"}],"replies":[{"embeddable":true,"href":"https:\/\/fitshaker.cz\/eshop\/wp-json\/wp\/v2\/comments?post=167068"}],"wp:featuredmedia":[{"embeddable":true,"href":"https:\/\/fitshaker.cz\/eshop\/wp-json\/wp\/v2\/media\/167049"}],"wp:attachment":[{"href":"https:\/\/fitshaker.cz\/eshop\/wp-json\/wp\/v2\/media?parent=167068"}],"wp:term":[{"taxonomy":"product_cat","embeddable":true,"href":"https:\/\/fitshaker.cz\/eshop\/wp-json\/wp\/v2\/product_cat?post=167068"},{"taxonomy":"product_tag","embeddable":true,"href":"https:\/\/fitshaker.cz\/eshop\/wp-json\/wp\/v2\/product_tag?post=167068"}],"curies":[{"name":"wp","href":"https:\/\/api.w.org\/{rel}","templated":true}]}}