{"id":174216,"date":"2025-03-06T13:11:24","date_gmt":"2025-03-06T12:11:24","guid":{"rendered":"https:\/\/fitshaker.sk\/eshop\/?post_type=product&#038;p=174216"},"modified":"2026-03-31T08:22:26","modified_gmt":"2026-03-31T06:22:26","slug":"masazne-lopticky","status":"publish","type":"product","link":"https:\/\/fitshaker.cz\/eshop\/produkt\/masazne-lopticky","title":{"rendered":"Mas\u00e1\u017en\u00ed m\u00ed\u010dky \u2013 sada 2 ks"},"content":{"rendered":"<p>Dop\u0159ej sv\u00e9mu t\u011blu uvoln\u011bn\u00ed a regeneraci s touto praktickou sadou mas\u00e1\u017en\u00edch m\u00ed\u010dk\u016f Fitshaker.<\/p>\n<ul>\n<li><strong>Hladk\u00fd silikonov\u00fd m\u00ed\u010dek (pr\u016fm\u011br 6,3 cm)<\/strong> \u2013 ide\u00e1ln\u00ed pro hlubokou mas\u00e1\u017e sval\u016f, uvoln\u011bn\u00ed nap\u011bt\u00ed a myofasci\u00e1ln\u00ed cvi\u010den\u00ed.<br \/>\nMyofascia je spojen\u00ed sval\u016f (myo-) a fascie (fascia). Fascie je tenk\u00e1, ale pevn\u00e1 pojivov\u00e1 tk\u00e1\u0148, kter\u00e1 obaluje svaly, kosti a org\u00e1ny a pom\u00e1h\u00e1 jim spr\u00e1vn\u011b fungovat.<br \/>\n<strong>Myofasci\u00e1ln\u00ed mas\u00e1\u017e<\/strong> nebo terapie se zam\u011b\u0159uje na uvoln\u011bn\u00ed nap\u011bt\u00ed a ztuhlosti v t\u00e9to fascii, co\u017e m\u016f\u017ee pomoci p\u0159i bolestech sval\u016f, zlep\u0161it pohyb a podpo\u0159it regeneraci. Mas\u00e1\u017en\u00ed m\u00ed\u010dky se \u010dasto pou\u017e\u00edvaj\u00ed k myofasci\u00e1ln\u00edmu uvol\u0148ov\u00e1n\u00ed, co\u017e znamen\u00e1, \u017ee tlak aplikovan\u00fd na konkr\u00e9tn\u00ed body pom\u00e1h\u00e1 zm\u00edrnit svalov\u00e9 nap\u011bt\u00ed a zlep\u0161it pr\u016ftok krve.<\/li>\n<li><strong>Mas\u00e1\u017en\u00ed je\u017eek (pr\u016fm\u011br 7,5 cm)<\/strong> \u2013 stimuluje krevn\u00ed ob\u011bh, uvol\u0148uje zatuhl\u00e1 m\u00edsta a podporuje regeneraci sval\u016f.<\/li>\n<\/ul>\n<p>&nbsp;<\/p>\n<p>Tyto mas\u00e1\u017en\u00ed m\u00ed\u010dky jsou skv\u011blou pom\u016fckou pro dom\u00e1c\u00ed pou\u017eit\u00ed, do kancel\u00e1\u0159e nebo jako dopln\u011bk k rehabilitaci. Snadno si s nimi uvoln\u00ed\u0161 chodidla, z\u00e1da, \u0161\u00edji \u010di ruce.<\/p>\n<p>&nbsp;<\/p>\n<p><strong>Rozm\u011bry:<\/strong> 6,3 cm \/ 7,5 cm<br \/>\n<strong>Materi\u00e1l:<\/strong> tvrd\u00fd silikon \/ PVC<br \/>\n<strong>Barva:<\/strong> \u0161ed\u00e1 \/ fialov\u00e1<\/p>\n<p>&nbsp;<\/p>\n<p><strong>Balen\u00ed obsahuje:<\/strong><\/p>\n<ul>\n<li>1 ks hladk\u00fd silikonov\u00fd m\u00ed\u010dek (pr\u016fm\u011br 6,3 cm, \u0161ed\u00fd)<\/li>\n<li>1 ks PVC mas\u00e1\u017en\u00ed je\u017eek (pr\u016fm\u011br 7,5 cm, fialov\u00fd)<\/li>\n<li>Praktick\u00fd s\u00ed\u0165ovan\u00fd s\u00e1\u010dek pro uschov\u00e1n\u00ed a p\u0159enos<\/li>\n<\/ul>\n<p>&nbsp;<\/p>\n<p>Vyzkou\u0161ej mas\u00e1\u017en\u00ed m\u00ed\u010dky a zbav se bolesti a nap\u011bt\u00ed ka\u017ed\u00fd den.<\/p>\n<p>&nbsp;<\/p>\n<style>.embed-container { position: relative; padding-bottom: 56.25%; height: 0; overflow: hidden; max-width: 100%; } .embed-container iframe, .embed-container object, .embed-container embed { position: absolute; top: 0; left: 0; width: 100%; height: 100%; }<\/style>\n<div class=\"embed-container\"><iframe src=\"https:\/\/youtube.com\/embed\/5CFJ6DT2Eb4\" frameborder=\"0\" allowfullscreen=\"allowfullscreen\"><span data-mce-type=\"bookmark\" style=\"display: inline-block; width: 0px; overflow: hidden; line-height: 0;\" class=\"mce_SELRES_start\">\ufeff<\/span><\/iframe><\/div>\n<p>&nbsp;<\/p>\n","protected":false},"excerpt":{"rendered":"<p>Sada mas\u00e1\u017en\u00edch m\u00ed\u010dk\u016f Fitshaker:<br \/>\n<strong>hladk\u00fd tvrd\u00fd silikonov\u00fd m\u00ed\u010dek (pr\u016fm\u011br 6,3 cm) a mas\u00e1\u017en\u00ed je\u017eek (pr\u016fm\u011br 7,5 cm).<\/strong><br \/>\nIde\u00e1ln\u00ed pro hloubkovou mas\u00e1\u017e sval\u016f, uvoln\u011bn\u00ed nap\u011bt\u00ed sval\u016f a pojivov\u00fdch tk\u00e1n\u00ed, pro stimulaci krevn\u00edho ob\u011bhu a regeneraci sval\u016f.<\/p>\n","protected":false},"featured_media":174218,"comment_status":"open","ping_status":"closed","template":"","meta":{"_acf_changed":false},"product_cat":[215],"product_tag":[],"bundle_layout":"","bundled_by":[],"bundled_items":[],"acf":[],"_links":{"self":[{"href":"https:\/\/fitshaker.cz\/eshop\/wp-json\/wp\/v2\/product\/174216"}],"collection":[{"href":"https:\/\/fitshaker.cz\/eshop\/wp-json\/wp\/v2\/product"}],"about":[{"href":"https:\/\/fitshaker.cz\/eshop\/wp-json\/wp\/v2\/types\/product"}],"replies":[{"embeddable":true,"href":"https:\/\/fitshaker.cz\/eshop\/wp-json\/wp\/v2\/comments?post=174216"}],"wp:featuredmedia":[{"embeddable":true,"href":"https:\/\/fitshaker.cz\/eshop\/wp-json\/wp\/v2\/media\/174218"}],"wp:attachment":[{"href":"https:\/\/fitshaker.cz\/eshop\/wp-json\/wp\/v2\/media?parent=174216"}],"wp:term":[{"taxonomy":"product_cat","embeddable":true,"href":"https:\/\/fitshaker.cz\/eshop\/wp-json\/wp\/v2\/product_cat?post=174216"},{"taxonomy":"product_tag","embeddable":true,"href":"https:\/\/fitshaker.cz\/eshop\/wp-json\/wp\/v2\/product_tag?post=174216"}],"curies":[{"name":"wp","href":"https:\/\/api.w.org\/{rel}","templated":true}]}}