{"id":192691,"date":"2025-09-19T14:38:33","date_gmt":"2025-09-19T12:38:33","guid":{"rendered":"https:\/\/fitshaker.sk\/eshop\/cs\/?post_type=product&#038;p=192691"},"modified":"2026-04-28T11:27:08","modified_gmt":"2026-04-28T09:27:08","slug":"set-protein-shake-cokolada","status":"publish","type":"product","link":"https:\/\/fitshaker.cz\/eshop\/produkt\/set-protein-shake-cokolada","title":{"rendered":"SET &#8211; PROTEIN SHAKE Syrov\u00e1tkov\u00fd 350g &#8211; \u010cokol\u00e1da, \u0161vihadlo, ru\u010dn\u00edk"},"content":{"rendered":"<p><strong>Bal\u00ed\u010dek obsahuje:<\/strong><\/p>\n<ul>\n<li><strong>1x <a href=\"https:\/\/fitshaker.cz\/eshop\/produkt\/protein-shake-srvatkovy-cokolada-350-g\">Protein shake syrov\u00e1tkov\u00fd 350 g\u00a0 \u2013 \u010cokol\u00e1da<\/a><\/strong><br \/>\nPodpo\u0159 svou regeneraci a r\u016fst sval\u016f po tr\u00e9ninku s na\u0161\u00edm syrov\u00e1tkov\u00fdm proteinem obohacen\u00fdm o kvalitn\u00ed kakao! 71 g b\u00edlkovin na 100 g, \u010dist\u00e9 slo\u017een\u00ed bez zbyte\u010dnost\u00ed, vynikaj\u00edc\u00ed \u010dokol\u00e1dov\u00e1 chu\u0165 a perfektn\u00ed rozpustnost. Skv\u011bl\u00fd zp\u016fsob, jak snadno z\u00edskat b\u00edlkoviny p\u0159i aktivn\u00edm \u017eivotn\u00edm stylu.<\/li>\n<li><strong>1x <a href=\"https:\/\/fitshaker.cz\/eshop\/produkt\/rychloschnuci-sportovy-uterak-ruzovy\">Rychleschnouc\u00ed sportovn\u00ed ru\u010dn\u00edk &#8211; modr\u00fd<\/a><\/strong><\/li>\n<\/ul>\n<p>Praktick\u00fd sportovn\u00ed ru\u010dn\u00edk z mikrovl\u00e1kna, ve velikosti 40 x 80 cm.<\/p>\n<ul>\n<li><strong>1x <a href=\"https:\/\/fitshaker.cz\/eshop\/produkt\/svihadlo\">Nastaviteln\u00e9 \u0161vihadlo \u2013 modr\u00e9<\/a><\/strong><br \/>\nNastaviteln\u00e9 \u0161vihadlo s Max. d\u00e9lkou 275 cm. Praktick\u00e9 a lehk\u00e9 s d\u0159ev\u011bn\u00fdmi dr\u017eadly a plastov\u00fdm krytem, \u200b\u200bkter\u00fd p\u0159i nar\u00e1\u017een\u00ed o zem chr\u00e1n\u00ed lanko p\u0159ed po\u0161kozen\u00edm.<\/li>\n<\/ul>\n<p>______________________________________________<br \/>\n<strong>Celkovo u\u0161etr\u00ed\u0161 25 %!<\/strong><\/p>\n","protected":false},"excerpt":{"rendered":"<p>Pe\u010duj o sv\u00e9 t\u011blo stylov\u011b a prakticky! Lahodn\u00fd \u010dokol\u00e1dov\u00fd proteinov\u00fd shake t\u011b podpo\u0159\u00ed po tr\u00e9ninku, rychleschnouc\u00ed sportovn\u00ed ru\u010dn\u00edk ocen\u00ed\u0161 p\u0159i ka\u017ed\u00e9 aktivit\u011b a nastaviteln\u00e9 \u0161vihadlo ti pom\u016f\u017ee posunout tvou kondi\u010dku na vy\u0161\u0161\u00ed level. V\u0161echno, co pot\u0159ebuje\u0161 pro aktivn\u00ed \u017eivotn\u00ed styl \u2013 v jednom setu.<\/p>\n","protected":false},"featured_media":192689,"comment_status":"open","ping_status":"closed","template":"","meta":{"_acf_changed":false},"product_cat":[251],"product_tag":[],"bundle_layout":"","bundled_by":[],"bundled_items":[],"acf":[],"_links":{"self":[{"href":"https:\/\/fitshaker.cz\/eshop\/wp-json\/wp\/v2\/product\/192691"}],"collection":[{"href":"https:\/\/fitshaker.cz\/eshop\/wp-json\/wp\/v2\/product"}],"about":[{"href":"https:\/\/fitshaker.cz\/eshop\/wp-json\/wp\/v2\/types\/product"}],"replies":[{"embeddable":true,"href":"https:\/\/fitshaker.cz\/eshop\/wp-json\/wp\/v2\/comments?post=192691"}],"wp:featuredmedia":[{"embeddable":true,"href":"https:\/\/fitshaker.cz\/eshop\/wp-json\/wp\/v2\/media\/192689"}],"wp:attachment":[{"href":"https:\/\/fitshaker.cz\/eshop\/wp-json\/wp\/v2\/media?parent=192691"}],"wp:term":[{"taxonomy":"product_cat","embeddable":true,"href":"https:\/\/fitshaker.cz\/eshop\/wp-json\/wp\/v2\/product_cat?post=192691"},{"taxonomy":"product_tag","embeddable":true,"href":"https:\/\/fitshaker.cz\/eshop\/wp-json\/wp\/v2\/product_tag?post=192691"}],"curies":[{"name":"wp","href":"https:\/\/api.w.org\/{rel}","templated":true}]}}